 of x.
3, 5
Let p(t) be the second derivative of -t**5/20 + 7*t**4/12 + 3*t**3/2 - 3*t**2 - 12*t. Let q be p(8). What are the prime factors of (-294)/(-12) - 1/q?
2, 3
Suppose -2*i = -p + 19, 0 = 3*i - 0*i + 4*p + 34. What are the prime factors of 115 - 4*i/(-8)?
2, 5, 11
Let y be 6*(33/(-6) - -5). List the prime factors of -60*(-1 + 5/y).
2, 5
Let c(u) = u**3 - 36*u**2 + 65*u + 26. What are the prime factors of c(35)?
2, 269
Let l = -41 + -9. Let o = 109 + l. What are the prime factors of o?
59
Let x = 477 - 117. What are the prime factors of x?
2, 3, 5
Let y = -95 + 91. What are the prime factors of -301*(y + 156/42)?
2, 43
Let d(y) = 7*y**2 - 55*y + 3. List the prime factors of d(-5).
3, 151
Let i(f) = f**2 + 13*f - 8. Let g be i(-14). Suppose 3*a - g - 3 = 0. Suppose 3*q + 2 = 5*q, 0 = 3*b - a*q - 153. List the prime factors of b.
2, 13
Suppose -5*b + 196 = -3*b. Suppose 49 + 1 = 2*k. Suppose 3*o - k = b. What are the prime factors of o?
41
Let q be 8/(-10) + (-4)/20*1. Let b(u) = 74*u**2. List the prime factors of b(q).
2, 37
Let g = 2670 - 1798. List the prime factors of g.
2, 109
Let z be 0 + -6*2/(-3). Let p be -2 - -2 - z/2. Let g = p - -4. What are the prime factors of g?
2
Let w(p) = 16*p**2 + 5*p - 6. List the prime factors of w(-4).
2, 5, 23
What are the prime factors of (132/165)/(2/2760)?
2, 3, 23
Let x(j) = 5*j**2 - 4*j - 234. List the prime factors of x(-16).
2, 3, 5, 37
Suppose 0 = 3*n - 101 + 11. What are the prime factors of (-194)/(-4) - n/20?
47
Let q be (-2)/(-3) + (-48)/(-9). Suppose 331 = q*n - 611. List the prime factors of n.
157
Let c(t) = -t**2 + 8*t + 10. Let v(s) = s**2 + 14*s + 18. Let l be v(-13). List the prime factors of c(l).
5
Let r(b) = 2*b**3 - 7*b**2 + 6*b - 2. Suppose -w = 31 - 76. Let g be (72/w)/((-4)/(-10)). List the prime factors of r(g).
2, 19
Let z be (2/(-3))/(4/24). Let s(b) = -3*b - 7. Let p be s(z). Suppose 0 = p*n - 3*c - 236, n - 43 = 3*c - c. What are the prime factors of n?
7
Suppose 7*k + 12 = 103. Let f(m) = m**3 + 2*m**2 - m. Let a be f(-4). Let l = k - a. What are the prime factors of l?
41
Let j(z) = -20*z**3 - 32*z**2 + 3*z + 2. List the prime factors of j(-3).
5, 7
Let r(m) = -m**2 + 10*m + 5. Let b be r(10). Let v(a) = 4*a. Let c be v(1). Suppose -t = b*s - c*t - 86, 30 = 2*s + t. What are the prime factors of s?
2
Suppose -4*i - 16 = 4*s, -i + 4*s + 23 = 2*i. Let c be -5 + 3 - (9 - i). List the prime factors of (c/(-8) + -2)*-12.
3
Suppose -142*o = -149*o - 588. Let g(i) = -i**2 + 8*i - 7. Let z be g(5). List the prime factors of (-18)/(7/(o/z)).
3
Let l(s) = -11*s + 4. Let z(h) = -23*h + 8. Let k(u) = -11*l(u) + 6*z(u). Let b be k(-3). Let v = -4 + b. What are the prime factors of v?
3, 17
Let p = 672 - -1264. List the prime factors of p.
2, 11
Let t(c) = 2*c**2 - 57*c - 34. Let a be t(29). Let d(g) = g**3 + 12*g**2 - 2*g - 10. What are the prime factors of d(a)?
5, 7
Suppose -2*s = -3*w + 3565, -5935 = -5*w + 7*s - 2*s. What are the prime factors of w?
3, 397
What are the prime factors of (-3 + 1029/(-3))*6/(-4)?
3, 173
Let s(h) = 2*h + 7. Let w be s(-3). Let t be (-1 - -1) + (-8)/w. List the prime factors of ((-6)/(-9))/(t/(-516)).
43
Let o(d) = -d**2 + 4*d - 4. Let t be o(2). Let n(j) = j**2 - 3*j + 3. Let f be n(-6). Suppose 4*a - f - 91 = t. What are the prime factors of a?
37
Let o be 6/(-15) + 794/10. Suppose 4*v = -3*n + 24 + 120, -5*n = -3*v + o. List the prime factors of v.
3, 11
Let w = 223 - 132. Suppose -2*l - d - 62 = -4*l, -d - w = -3*l. Let t = l + -20. What are the prime factors of t?
3
Suppose 172*c = 177*c - 5015. List the prime factors of c.
17, 59
Suppose -3*i + 9 = 4*u - u, -u + 4*i = 7. Let y = u - -18. Let f = 87 - y. List the prime factors of f.
2, 17
Let l = 18 + -40. List the prime factors of (-1354)/(-10) + l/55.
3, 5
Suppose 5*f - 6 = 2*f. Suppose -f*x + 10 = 3*x. Suppose 5*u - x*u - 42 = 0. List the prime factors of u.
2, 7
Let p(l) = -l**2 - 7*l + 8. Let q be p(-8). Let v = -1 + 6. Suppose q = -u - d + 73, v*u = 4*d + 538 - 173. List the prime factors of u.
73
Let m be (-252)/(-30) + (6/(-10))/(-1). Let q be (-2)/3*9/(-2). Let i = q + m. List the prime factors of i.
2, 3
Suppose -3*k + 2039 = 4*o + 2*k, 0 = 3*o + 3*k - 1533. List the prime factors of o.
2, 3, 43
Suppose 0 = -3*m + 5*n - 4, -5*n + 5 = -5. Suppose d - 21 = -m*d. Suppose -8*q = -d*q - 47. List the prime factors of q.
47
Let u be (-2)/(-5) - (-1318)/5. Suppose 0*y + y + u = 0. What are the prime factors of 2/(-2) + y/(-12)?
3, 7
Let y be -1 - 2*36/(-8). Suppose y = h + h. Suppose z - h*p = -2 + 7, -2*p + 25 = 5*z. List the prime factors of z.
5
Suppose -4*f = -643 + 7. Suppose f = m + 2*m. What are the prime factors of m?
53
Let z(r) = 40*r + 413. List the prime factors of z(25).
3, 157
Let g(j) = 456*j**2 + 10*j - 39. List the prime factors of g(3).
3, 5, 7, 13
Let b = 19 - 18. Let a be (b + -4)/(9/(-12)). Suppose -8 = -4*j, 0 = -l - 2*l - a*j + 35. List the prime factors of l.
3
Suppose -2*s = -11 - 3. Suppose 2001 = 16*n + s*n. What are the prime factors of n?
3, 29
What are the prime factors of (0 - -1)/((-38)/(-62358))?
3, 547
Suppose -275 = -175*h + 170*h. List the prime factors of h.
5, 11
Let z = -21 - -25. Suppose 0 = z*f - 259 - 1. What are the prime factors of f?
5, 13
Let y(i) = 29*i**2 - 6*i - 5. Let v(n) = -5*n**2 + 1 - 8*n**2 + 12*n**2 + n. Let k(z) = 4*v(z) + y(z). What are the prime factors of k(-1)?
2, 13
Suppose 0 = d - 8*d + 3661. List the prime factors of d.
523
Suppose 3*k + 2*o = 1281, -4*k - 4*o + 2168 - 460 = 0. What are the prime factors of k?
7, 61
Let r = 37 + 652. List the prime factors of r.
13, 53
Let k be 5/(3/(-18)*2). Let p(m) = -2*m + 3. Let u be p(k). Let t = -28 + u. What are the prime factors of t?
5
List the prime factors of 16/24*153/2 - 6.
3, 5
Let a = -893 + 1596. What are the prime factors of a?
19, 37
Let x(j) = -4*j - 3. Let g be x(-7). Suppose 5*p + 10 = 0, -2 = -3*f + 5*p + 23. Suppose g = 10*r - f*r. What are the prime factors of r?
5
Let k(g) = 11*g + 23. Let f(u) = 5*u + 11. Let j(x) = -13*f(x) + 6*k(x). Let c = 53 - 38. List the prime factors of j(c).
2, 5
Let g be (-7)/(1 + -1 - 1). Suppose -6*j - 1 = -g*j. List the prime factors of 0 + (j - (-4 - 6)).
11
Suppose 2459 = 28*u - 677. List the prime factors of u.
2, 7
What are the prime factors of 232 + 8*3/6?
2, 59
Let f = 26 + -14. Suppose -m - 10 - f = 0. Let c = m + 45. List the prime factors of c.
23
Suppose 242 = -4*z + 2*d, -247 = -3*z + 7*z - 3*d. Let n = 13 - z. What are the prime factors of n?
71
Let j(m) = 4*m**2 - 3*m - 9. Let q(n) = n**2 - 4*n + 7. Let r(a) = -a + 13. Let h be r(10). Let p be q(h). List the prime factors of j(p).
43
Let x be (28/(-3))/(2/(-93)). Suppose -3*j = 5*a - 343, 4*j = -0*j + 5*a + x. List the prime factors of j.
3, 37
Let o(i) = -i**3 - 15*i**2 - 20*i - 8. Let q be o(-15). Suppose 3*u - 7*u = -q. Let k = u + -20. List the prime factors of k.
53
Suppose 3*m = 3*j - 1 + 7, 0 = 3*m - 2*j - 9. Suppose y = g + 3*y - 204, 1000 = 5*g + m*y. What are the prime factors of g?
2, 7
Suppose -3*i = -11 + 47. What are the prime factors of ((-15)/2)/5 + (-1722)/i?
2, 71
Let d = 172 - 116. Let g be 1/4*-6*-2. Suppose -f = g*f - d. What are the prime factors of f?
2, 7
Suppose w = 5*t - 12, 0 = -3*t - 0*w - 2*w + 2. Suppose -19*v = -16*v - 105. Suppose 127 = 5*u - 2*a, -u + t*a = 4*a - v. What are the prime factors of u?
3
Suppose 5*p - 4*a = 33, 5*a + 10 = -5*p + 25. Suppose -p*n = n - 462. What are the prime factors of n?
7, 11
Suppose 7 = -3*i - 5, -5*p + i + 4 = 0. Suppose 150 - 12 = 4*r - 2*f, -5*r - 5*f + 210 = p. What are the prime factors of r?
37
Let y(b) = -b**2 - 13*b - 4. Let a be y(-12). Suppose -4*r = -3*p + 17 + 10, -2*r - 4*p = a. List the prime factors of r/27 - 2080/(-45).
2, 23
Let y be 1/((-3)/12 - (-677)/2724). Let q = -448 - y. What are the prime factors of q?
233
List the prime factors of 36946/84 + 1/6.
2, 5, 11
Let i(m) = -22*m - 6. Suppose -8 = -w - 3*w - 5*j, 2*w - j = -10. What are the prime factors of i(w)?
2, 3, 5
List the prime factors of (-2 - (-2 - 2 - -9)) + 2059.
2, 3, 19
Suppose -7*c - 3172 + 11502 = 0. List the prime factors of c.
2, 5, 7, 17
Suppose 0 = -18*n + 23*n + 185. Let o = n + 78. List the prime factors of o.
41
Supp